{"id":629,"date":"2025-07-22T13:00:46","date_gmt":"2025-07-22T13:00:46","guid":{"rendered":"https:\/\/www.descosur.org.pe\/portaleducativo\/?page_id=629"},"modified":"2025-07-29T13:18:22","modified_gmt":"2025-07-29T13:18:22","slug":"modo-de-uso","status":"publish","type":"page","link":"https:\/\/www.descosur.org.pe\/portaleducativo\/modo-de-uso\/","title":{"rendered":"Modo de uso"},"content":{"rendered":"\n<p class=\"has-large-font-size\">\u00a1Bienvenido! Es muy f\u00e1cil acceder a nuestros contenidos.<\/p>\n\n\n\n<p>A continuaci\u00f3n, mostramos una gu\u00eda r\u00e1pida para poder registrarse y acceder a nuestros contenidos:<\/p>\n\n\n\n<div style=\"height:1em\" aria-hidden=\"true\" class=\"wp-block-spacer\"><\/div>\n\n\n\n<div class=\"wp-block-columns is-layout-flex wp-container-core-columns-is-layout-28f84493 wp-block-columns-is-layout-flex\">\n<div class=\"wp-block-column is-layout-flow wp-block-column-is-layout-flow\" style=\"flex-basis:40%\">\n<ol class=\"wp-block-list\">\n<li class=\"has-x-large-font-size\" style=\"font-style:normal;font-weight:700;letter-spacing:-0.04em;line-height:1\">Reg\u00edstrate en el portal<\/li>\n<\/ol>\n\n\n\n<p class=\"hide-if-logged-in\" style=\"margin-left:1.25em\">Ingresa a nuestro formulario de registro:<\/p>\n\n\n\n<p class=\"hide-if-logged-out\" style=\"margin-left:1.25em\">\u00a1Bien! Vemos que ya tienes una cuenta registrada en el portal. Contin\u00faa al siguiente paso o revisa tu cuenta:<\/p>\n\n\n\n<div class=\"wp-block-buttons is-content-justification-left is-layout-flex wp-container-core-buttons-is-layout-a79bb8d1 wp-block-buttons-is-layout-flex\" style=\"padding-left:1em\">\n<div class=\"wp-block-button is-style-fill hide-if-logged-in\"><a class=\"wp-block-button__link wp-element-button\" href=\"https:\/\/www.descosur.org.pe\/portaleducativo\/registro\/\" target=\"_blank\" rel=\"noreferrer noopener\">Reg\u00edstrate<\/a><\/div>\n\n\n\n<div class=\"wp-block-button is-style-fill hide-if-logged-out\"><a class=\"wp-block-button__link wp-element-button\" href=\"https:\/\/www.descosur.org.pe\/portaleducativo\/mi-cuenta\/\" target=\"_blank\" rel=\"noreferrer noopener\">Mi cuenta<\/a><\/div>\n<\/div>\n<\/div>\n\n\n\n<div class=\"wp-block-column is-layout-flow wp-block-column-is-layout-flow\" style=\"flex-basis:60%\">\n<figure class=\"wp-block-image size-full hide-if-logged-in wp-duotone-unset-1\"><a href=\"https:\/\/www.descosur.org.pe\/portaleducativo\/registro\/\" target=\"_blank\" rel=\" noreferrer noopener\"><img loading=\"lazy\" decoding=\"async\" width=\"920\" height=\"525\" src=\"https:\/\/www.descosur.org.pe\/portaleducativo\/wp-content\/uploads\/2025\/07\/registro.png\" alt=\"\" class=\"wp-image-776\" srcset=\"https:\/\/www.descosur.org.pe\/portaleducativo\/wp-content\/uploads\/2025\/07\/registro.png 920w, https:\/\/www.descosur.org.pe\/portaleducativo\/wp-content\/uploads\/2025\/07\/registro-300x171.png 300w, https:\/\/www.descosur.org.pe\/portaleducativo\/wp-content\/uploads\/2025\/07\/registro-768x438.png 768w\" sizes=\"auto, (max-width: 920px) 100vw, 920px\" \/><\/a><\/figure>\n\n\n\n<figure class=\"wp-block-image size-full hide-if-logged-out wp-duotone-unset-2\"><a href=\"https:\/\/www.descosur.org.pe\/portaleducativo\/mi-cuenta\/\" target=\"_blank\" rel=\" noreferrer noopener\"><img loading=\"lazy\" decoding=\"async\" width=\"920\" height=\"525\" src=\"https:\/\/www.descosur.org.pe\/portaleducativo\/wp-content\/uploads\/2025\/07\/registro.png\" alt=\"\" class=\"wp-image-776\" srcset=\"https:\/\/www.descosur.org.pe\/portaleducativo\/wp-content\/uploads\/2025\/07\/registro.png 920w, https:\/\/www.descosur.org.pe\/portaleducativo\/wp-content\/uploads\/2025\/07\/registro-300x171.png 300w, https:\/\/www.descosur.org.pe\/portaleducativo\/wp-content\/uploads\/2025\/07\/registro-768x438.png 768w\" sizes=\"auto, (max-width: 920px) 100vw, 920px\" \/><\/a><\/figure>\n<\/div>\n<\/div>\n\n\n\n<div style=\"height:1em\" aria-hidden=\"true\" class=\"wp-block-spacer\"><\/div>\n\n\n\n<div class=\"wp-block-columns is-layout-flex wp-container-core-columns-is-layout-28f84493 wp-block-columns-is-layout-flex\">\n<div class=\"wp-block-column is-layout-flow wp-block-column-is-layout-flow\" style=\"flex-basis:40%\">\n<ol start=\"2\" class=\"wp-block-list\">\n<li class=\"has-x-large-font-size\" style=\"font-style:normal;font-weight:700;letter-spacing:-0.04em;line-height:1\">Escoge una secci\u00f3n<\/li>\n<\/ol>\n<\/div>\n\n\n\n<div class=\"wp-block-column is-layout-flow wp-block-column-is-layout-flow\" style=\"flex-basis:60%\">\n<figure class=\"wp-block-video\"><video height=\"720\" style=\"aspect-ratio: 1280 \/ 720;\" width=\"1280\" controls loop muted src=\"https:\/\/www.descosur.org.pe\/portaleducativo\/wp-content\/uploads\/2025\/07\/recursos.vid_.mp4\" playsinline><\/video><\/figure>\n<\/div>\n<\/div>\n\n\n\n<div style=\"height:1em\" aria-hidden=\"true\" class=\"wp-block-spacer\"><\/div>\n\n\n\n<div class=\"wp-block-columns is-layout-flex wp-container-core-columns-is-layout-28f84493 wp-block-columns-is-layout-flex\">\n<div class=\"wp-block-column is-layout-flow wp-block-column-is-layout-flow\" style=\"flex-basis:40%\">\n<ol start=\"3\" class=\"wp-block-list\">\n<li class=\"has-x-large-font-size\" style=\"font-style:normal;font-weight:700;letter-spacing:-0.04em;line-height:1\">Navega los contenidos<\/li>\n<\/ol>\n<\/div>\n\n\n\n<div class=\"wp-block-column is-layout-flow wp-block-column-is-layout-flow\" style=\"flex-basis:60%\">\n<figure class=\"wp-block-video\"><video height=\"720\" style=\"aspect-ratio: 1280 \/ 720;\" width=\"1280\" controls src=\"https:\/\/www.descosur.org.pe\/portaleducativo\/wp-content\/uploads\/2025\/07\/navegar.contenidos.mp4\"><\/video><\/figure>\n<\/div>\n<\/div>\n\n\n\n<p><\/p>\n","protected":false},"excerpt":{"rendered":"<p>\u00a1Bienvenido! Es muy f\u00e1cil acceder a nuestros contenidos. A continuaci\u00f3n, mostramos una gu\u00eda r\u00e1pida para poder registrarse y acceder a nuestros contenidos: Ingresa a nuestro formulario de registro: \u00a1Bien! Vemos que ya tienes una cuenta registrada en el portal. Contin\u00faa al siguiente paso o revisa tu cuenta:<\/p>\n","protected":false},"author":1,"featured_media":0,"parent":0,"menu_order":0,"comment_status":"closed","ping_status":"closed","template":"","meta":{"inline_featured_image":false,"footnotes":""},"class_list":["post-629","page","type-page","status-publish","hentry"],"_links":{"self":[{"href":"https:\/\/www.descosur.org.pe\/portaleducativo\/wp-json\/wp\/v2\/pages\/629","targetHints":{"allow":["GET"]}}],"collection":[{"href":"https:\/\/www.descosur.org.pe\/portaleducativo\/wp-json\/wp\/v2\/pages"}],"about":[{"href":"https:\/\/www.descosur.org.pe\/portaleducativo\/wp-json\/wp\/v2\/types\/page"}],"author":[{"embeddable":true,"href":"https:\/\/www.descosur.org.pe\/portaleducativo\/wp-json\/wp\/v2\/users\/1"}],"replies":[{"embeddable":true,"href":"https:\/\/www.descosur.org.pe\/portaleducativo\/wp-json\/wp\/v2\/comments?post=629"}],"version-history":[{"count":10,"href":"https:\/\/www.descosur.org.pe\/portaleducativo\/wp-json\/wp\/v2\/pages\/629\/revisions"}],"predecessor-version":[{"id":838,"href":"https:\/\/www.descosur.org.pe\/portaleducativo\/wp-json\/wp\/v2\/pages\/629\/revisions\/838"}],"wp:attachment":[{"href":"https:\/\/www.descosur.org.pe\/portaleducativo\/wp-json\/wp\/v2\/media?parent=629"}],"curies":[{"name":"wp","href":"https:\/\/api.w.org\/{rel}","templated":true}]}}